base 12) to base 15.
-3
What is -101111 (base 2) in base 16?
-2f
Convert 1 (base 3) to base 9.
1
Convert -19 (base 11) to base 10.
-20
Convert 3 (base 13) to base 8.
3
4 (base 11) to base 7
4
What is 15 (base 11) in base 10?
16
Convert -b0 (base 12) to base 10.
-132
What is -2c (base 14) in base 16?
-28
2 (base 15) to base 10
2
What is -5 (base 11) in base 3?
-12
Convert 0 (base 11) to base 6.
0
101 (base 2) to base 15
5
What is 65 (base 13) in base 16?
53
Convert -1 (base 9) to base 15.
-1
What is -86 (base 9) in base 15?
-53
Convert b (base 14) to base 15.
b
6d (base 16) to base 2
1101101
What is -6 (base 10) in base 2?
-110
Convert -1000010 (base 2) to base 15.
-46
What is -55 (base 7) in base 12?
-34
What is -3 (base 16) in base 2?
-11
Convert -30 (base 5) to base 6.
-23
Convert 3 (base 11) to base 15.
3
208 (base 11) to base 14
13c
-231 (base 9) to base 5
-1230
13 (base 12) to base 4
33
What is -1 (base 10) in base 11?
-1
What is 3 (base 6) in base 16?
3
-11 (base 5) to base 9
-6
35 (base 7) to base 16
1a
226 (base 7) to base 6
314
What is b (base 16) in base 15?
b
Convert 2 (base 9) to base 8.
2
What is 5 (base 7) in base 2?
101
-39 (base 12) to base 9
-50
What is 2b (base 13) in base 9?
41
What is e (base 15) in base 9?
15
What is 3 (base 12) in base 4?
3
What is -15 (base 11) in base 4?
-100
What is 1 (base 11) in base 16?
1
103 (base 7) to base 4
310
What is 2200 (base 3) in base 13?
57
What is 25 (base 10) in base 13?
1c
-111 (base 3) to base 4
-31
What is -135 (base 8) in base 4?
-1131
What is 51 (base 7) in base 9?
40
What is -4 (base 13) in base 12?
-4
What is 4 (base 16) in base 8?
4
11 (base 3) to base 4
10
What is -83 (base 15) in base 4?
-1323
28 (base 10) to base 3
1001
Convert 4 (base 14) to base 2.
100
-6 (base 12) to base 3
-20
Convert 2 (base 5) to base 11.
2
What is 1221 (base 3) in base 15?
37
Convert 161 (base 11) to base 15.
c8
What is -15 (base 6) in base 10?
-11
17 (base 8) to base 12
13
Convert -340 (base 5) to base 9.
-115
1100 (base 2) to base 10
12
Convert 1c (base 16) to base 2.
11100
-5 (base 6) to base 13
-5
Convert -3 (base 11) to base 3.
-10
Convert -55 (base 13) to base 14.
-50
2 (base 12) to base 4
2
100110000 (base 2) to base 14
17a
Convert -3 (base 8) to base 2.
-11
-160 (base 7) to base 9
-111
What is 4 (base 12) in base 13?
4
1 (base 4) to base 8
1
Convert 123 (base 10) to base 2.
1111011
What is -7 (base 16) in base 15?
-7
What is -3b (base 14) in base 5?
-203
What is 5 (base 7) in base 5?
10
3 (base 13) to base 11
3
What is 233 (base 11) in base 4?
10112
What is -131 (base 7) in base 14?
-51
-2212 (base 3) to base 11
-70
-10222 (base 3) to base 5
-412
0 (base 13) to base 11
0
Convert -5 (base 6) to base 15.
-5
Convert -133 (base 12) to base 10.
-183
Convert -3 (base 13) to base 4.
-3
-3 (base 15) to base 9
-3
Convert -11 (base 3) to base 14.
-4
13 (base 4) to base 3
21
What is -11 (base 6) in base 10?
-7
Convert -4 (base 6) to base 13.
-4
Convert -47 (base 12) to base 16.
-37
Convert 24 (base 5) to base 10.
14
Convert -111 (base 3) to base 10.
-13
2 (base 5) to base 14
2
What is 180 (base 10) in base 7?
345
4 (base 9) to base 8
4
122 (base 3) to base 16
11
What is -2 (base 8) in base 14?
-2
Convert 9a (base 14) to base 15.
91
What is -1e (base 16) in base 15?
-20
-50 (base 8) to base 14
-2c
Convert -a (base 15) to base 13.
-a
Convert -231 (base 6) to base 14.
-67
-102122 (base 3) to base 4
-10322
Convert -44 (base 5) to base 3.
-220
0 (base 10) to base 5
0
Convert 111010 (base 2) to base 12.
4a
What is 65 (base 12) in base 8?
115
What is -432 (base 6) in base 7?
-323
What is -1a (base 12) in base 13?
-19
Convert -2 (base 4) to base 11.
-2
What is -2122 (base 4) in base 14?
-b0
Convert -1300 (base 4) to base 13.
-88
-1000 (base 3) to base 2
-11011
What is 56 (base 12) in base 9?
73
Convert -39 (base 14) to base 16.
-33
-13 (base 4) to base 7
-10
Convert -13 (base 5) to base 14.
-8
Convert 10 (base 10) to base 13.
a
100 (base 2) to base 12
4
What is 200 (base 4) in base 15?
22
What is -165 (base 7) in base 11?
-88
Convert 149 (base 10) to base 13.
b6
What is -19 (base 13) in base 14?
-18
What is -5 (base 7) in base 15?
-5
Convert 64 (base 9) to base 4.
322
Convert -101 (base 2) to base 7.
-5
Convert 2 (base 6) to base 12.
2
What is -3 (base 9) in base 11?
-3
Convert 10 (base 2) to base 9.
2
What is -1 (base 5) in base 12?
-1
-355 (base 9) to base 7
-566
-13 (base 9) to base 5
-22
What is -1 (base 5) in base 14?
-1
What is b (base 16) in base 5?
21
Convert 4 (base 8) to base 14.
4
-139 (base 10) to base 12
-b7
What is -2 (base 10) in base 12?
-2
1 (base 12) to base 14
1
What is -13 (base 5) in base 10?
-8
22202 (base 3) to base 12
178
What is -2 (base 5) in base 8?
-2
b3 (base 13) to base 3
12102
What is -1a7 (base 15) in base 4?
-11332
Convert 120 (base 5) to base 16.
23
What is -96 (base 12) in base 3?
-11020
Convert 45 (base 7) to base 14.
25
b (base 13) to base 5
21
Convert -20 (base 4) to base 7.
-11
-1 (base 6) to base 12
-1
What is -29 (base 10) in base 11?
-27
10321 (base 4) to base 11
265
Convert 13 (base 4) to base 15.
7
Convert 33 (base 9) to base 16.
1e
Convert 220 (base 6) to base 5.
314
0 (base 4) to base 14
0
What is -205 (base 11) in base 8?
-367
What is 11022 (base 3) in base 12?
98
Convert 1001101 (base 2) to base 3.
2212
-2 (base 14) to base 12
-2
What is 25 (base 7) in base 10?
19
What is 1101 (base 2) in base 10?
13
-20 (base 6) to base 15
-c
Convert 31 (base 11) to base 7.
46
76 (base 11) to base 6
215
What is 33 (base 9) in base 6?
50
Convert 61 (base 10) to base 14.
45
What is 2 (base 13) in base 2?
10
-15 (base 12) to base 15
-12
Convert 0 (base 5) to base 11.
0
-121 (base 4) to base 8
-31
What is -20 (base 15) in base 6?
-50
Convert 9 (base 11) to base 15.
9
What is -4 (base 7) in base 11?
-4
What is -1000 (base 3) in base 14?
-1d
What is -101000 (base 2) in base 8?
-50
Convert -a6 (base 12) to base 13.
-99
Convert -102 (base 5) to base 4.
-123
What is -100100 (base 2) in base 10?
-36
Convert 0 (base 3) to base 15.
0
-2 (base 10) to base 15
-2
Convert -110 (base 2) to base 16.
-6
70 (base 15) to base 2
1101001
1021 (base 3) to base 13
28
-1312 (base 4) to base 7
-226
-1 (base 13) to base 10
-1
-1a1 (base 13) to base 9
-363
Convert 5 (base 11) to base 2.
101
-56 (base 15) to base 4
-1101
Convert -26 (base 11) to base 3.
-1001
Convert 3 (base 9) to base 16.
3
Convert -405 (base 7) to base 9.
-243
Convert -1 (base 7) to base 15.
-1
What is -105 (base 6) in base 9?
-45
8 (base 12) to base 16
8
60 (base 7) to base 10
42
1 (base 7) to base 2
1
87 (base 9) to base 11
72
-1 (base 2) to base 4
-1
Convert 0 (base 8) to base 16.
0
What is -200 (base 11) in base 6?
-1042
What is 43 (base 9) in base 11?
36
40 (base 6) to base 13
1b
What is -10 (base 7) in base 15?
-7
2 (base 11) to base 13
2
What is 34 (base 9) in base 10?
31
What is -1 (base 12) in base 7?
-1
What is c (base 16) in base 6?
20
What is -4a (base 11) in base 16?
-36
What is 2 (base 6) in base 12?
2
Convert -1100 (base 2) to base 10.
-12
55 (base 14) to base 3
2210
Convert -13 (base 7) to base 10.
-10
What is 3 (base 5) in base 15?
3
2 (base 12) to base 16
2
3 (base 6) to base 16
3
What is b3 (base 16) in base 14?
cb
Convert 2 (base 10) to base 3.
2
What is -32 (base 7) in base 12?
-1b
Convert 20 (base 3) to base 15.
6
-1102 (base 3) to base 11
-35
Convert -2 (base 10) to base 2.
-10
Convert -38 (base 11) to base 4.
-221
Convert 111 (base 2) to base 11.
7
Convert -1100001 (base 2) to base 8.
-141
21 (base 7) to base 12
13
Convert -22 (base 6) to base 8.
-16
-22 (base 3) to base 5
-13
Convert -226 (base 9) to base 6.
-510
-12 (base 14) to base 15
-11
20 (base 3) to base 8
6
-4 (base 16) to base 12
-4
Convert a (base 14) to base 5.
20
-85 (base 15) to base 6
-325
-2 (base 8) to base 3
-2
-48 (base 9) to base 15
-2e
Convert -1 (base 5) to base 9.
-1
What is -8 (base 14) in base 6?
-12
Convert 302 (base 6) to base 7.
215
Convert 77 (base 14) to base 11.
96
What is -441 (base 5) in base 12?
-a1
-100 (base 4) to base 10
-16
Convert -40 (base 6) to base 10.
-24
What is 12 (base 8) in base 3?
101
101010 (base 2) to base 15
2c
What is 42 (base 6) in base 16?
1a
Convert 4 (base 16) to base 4.
10
What is a (base 13) in base 11?
a
C